me?
False
Suppose 4*o - 9 - 83 = 0. Let v(h) = -o*h - 55*h - 11*h. Is v(-1) prime?
True
Let d(m) = 3*m**3 - 3*m**2 + m + 21. Let w(o) = -o**3 + 2*o**2 - 7. Let z(l) = 4*d(l) + 11*w(l). Let j be 4/(-18) + 52/(-9). Is z(j) a prime number?
True
Let z = -36 + 40. Let j be (-4)/(z/1) - -22. Let m = j - -76. Is m composite?
False
Let k be ((-2)/(-5))/(2/10). Suppose k*x - x + 74 = 0. Let t = -31 - x. Is t a prime number?
True
Let c = -117 - -167. Let p(s) = 17*s + 5. Let l be p(4). Let i = l - c. Is i a composite number?
False
Let a be 0 + (-5)/((-20)/8). Suppose t + a*t = -24. Let m = -6 - t. Is m a prime number?
True
Suppose -3*r + 5*m + 19 = -39, 0 = 4*r + 2*m - 112. Suppose -5*q + 250 = t, -q - 2*t + 15 + r = 0. Is q a prime number?
False
Let g be (4/(-10))/((-23)/(-115)). Let l(a) = a**3 - a**2 - a. Let n(h) = 41*h**3 - 2*h**2 + 3*h + 3. Let m(f) = l(f) - n(f). Is m(g) a composite number?
True
Suppose 3*o = 10 + 5. Let n(b) = 39*b**2 - 7*b + 10. Let r be n(o). Suppose -5*d - 225 = -r. Is d composite?
True
Let f be (-1)/(-7) + 64800/42. Let q = f - 899. Let i = 1111 - q. Is i a prime number?
True
Let g(x) = -x**2 - 17*x - 15. Let y be g(-14). Let c(s) = s**3 - 5*s**2 + 11*s - 2. Let p be c(8). Let o = p - y. Is o a prime number?
True
Let v = 1590 + -592. Suppose 6*s - v = 4*s. Is s a composite number?
False
Suppose 4*j - 18903 = -5*l, -5*l + 11355 = -2*l - 2*j. Suppose f - 6*b - 1261 = -3*b, 3*f = b + l. Is f composite?
True
Suppose 4*i + 0*i = 5*h - 3382, -2*h + 5*i = -1363. Let r = h + -1141. Is (r/2)/(8/(-16)) composite?
False
Let b = 231 - 56. Let l = b - -2. Is l a prime number?
False
Let l(k) = k**3 - 14*k**2 + 13*k + 14. Let q = 9 - 11. Let o(v) = v**3 + 4*v**2 - 3*v - 1. Let s be o(q). Is l(s) composite?
True
Let m(r) = 3*r + 2*r**2 - 4 - 6*r + 0. Let x(y) = 4*y**3 + 2*y - 1. Let c be x(1). Is m(c) a composite number?
False
Let u(h) = -h**3 - 2*h**2 + h + 37. Let k(i) = -i**3. Let y be k(0). Let q be u(y). Suppose 250 = z + q. Is z prime?
False
Suppose 2 = 3*o - 1. Let n = o + 0. Is 52/n - (-1 + -2) composite?
True
Let o be (6/4)/(3/116). Is (-42)/(-7)*o/6 prime?
False
Let j be -33*6/(18/(-5)). Suppose -2*h + j = 3*h. Is h prime?
True
Let y(g) = -g**3 + 2*g**2 - g + 12. Let i be y(3). Suppose 2*j = -4*o + 1792, i = 3*o - 4*j - j - 1357. Is o composite?
False
Let d(j) = -j**3 - 4*j**2 - 3*j. Let g be d(-3). Suppose g = 4*k - 5*k + 2. Suppose k*q = -w + 956 - 140, 0 = -3*w + 6. Is q a prime number?
False
Let u(b) be the first derivative of 2*b**3/3 - 4*b**2 + 13*b - 16. Is u(9) composite?
False
Suppose -4*b = 2*y + 3 + 13, 3 = -3*b. Is (422/4)/(y/(-12)) a composite number?
False
Suppose -5*t = 0, i - 12672 = -3*t + 877. Is i a composite number?
True
Suppose -2*l + 5665 + 2481 = 0. Is l a composite number?
False
Suppose 1 = -7*x + 43. Suppose 3*u = -2*d + 4191, x*d = -u + 9*d + 1408. Is u a composite number?
False
Let d(y) = -y**3 - 23*y**2 - 90*y - 109. Is d(-31) prime?
True
Suppose 6*k = k + 3*v - 51, -3*k - v = 39. Let c be (1 - -1)*k/(-6). Is (-9)/(-6) - (-206)/c composite?
False
Suppose 8*q = 4*q + 4376. Suppose -5*k + q = -7671. Is k a composite number?
False
Let f be 3 + ((-8)/4)/(-2). Suppose 2*o - 64 = -v + 114, -2*v - 372 = -f*o. Is o a prime number?
False
Let c = -35 + 36. Let a(w) = 366*w**2 - w. Let i be a(c). Suppose -8*y = -i - 1419. Is y a composite number?
False
Is 442480/16 - (3 + -4 - -3) prime?
True
Let h(r) = -r**2 + 7*r + 1. Let j be h(6). Let m = j - 7. Is 3 + 0 - (m - 115) composite?
True
Suppose 0 = -2*t - 2*j + 2, -4*j = -5*t - 0*t + 14. Let r = t - -1. Suppose -4*i + r*i = -251. Is i prime?
True
Let p = -47483 + 123372. Is p composite?
True
Suppose -4*m + 9 = -7. Suppose 0*p + 316 = m*p. Is p composite?
False
Let p = -4 + 7. Let i be (-4)/6*p - -4. Is (0 - i)/((-3)/471) a composite number?
True
Let r(n) = 95*n**2 - 2*n - 1. Let k be r(2). Let y = -121 + k. Is y composite?
True
Let h(o) = -o**3 - 12*o**2 + 3*o + 10. Let v be h(-12). Let x = -2 + v. Is 2/7 - 7524/x a prime number?
True
Suppose 0 = -s + 2*w + 829, 4*w - 859 = 12*s - 13*s. Is s composite?
False
Let n = -83 - -175. Is n - ((-4)/(-2) - 1) prime?
False
Let k be (-141)/11 + (-14)/77. Let b = 23 + k. Suppose -b*d = -12*d + 102. Is d a prime number?
False
Let b(a) = 2*a + 4. Let t be b(-6). Let l(o) = -144*o**3 + o - 7. Let s(f) = -216*f**3 + 2*f - 11. Let g(k) = t*l(k) + 5*s(k). Is g(2) composite?
True
Suppose 595*g - 4882 = 593*g. Is g composite?
False
Suppose 3*l = 17 - 8. Suppose q - 2260 = -l*q. Suppose -6*y + q = -y. Is y a composite number?
False
Let f(x) = 6*x**3 - 29*x**2 - 5*x + 40. Let z(b) = -5*b**3 + 28*b**2 + 4*b - 40. Let q(r) = 6*f(r) + 7*z(r). Is q(-21) prime?
True
Let n be 73/5 - (66/(-15) - -4). Let c = 59 + n. Is c composite?
True
Let j(h) = -525*h + 59. Is j(-15) a composite number?
True
Let w be (-3045)/(-2)*780/25. Is w/98 - 3/(42/(-4)) a prime number?
False
Let p(f) = 7*f**2 - 8*f - 8. Let u(m) = 7*m**2 - 7*m - 7. Let d(t) = -5*p(t) + 6*u(t). Let s(v) = -v**3 - 7*v**2 - 6*v - 7. Let h be s(-6). Is d(h) composite?
True
Let h = -54 - -25. Let y = 53 + h. Suppose -y*c = -25*c + 163. Is c prime?
True
Suppose 0 = -11*k + 12*k - 2*p - 3937, 2*k + p = 7874. Is k composite?
True
Let m be 2/(-5) - (-32)/5. Suppose -15 = -3*n - m. Suppose -2*g = -z + 3*g + 35, 0 = -z + n*g + 35. Is z a composite number?
True
Let x(o) = -o - 9. Let z be x(-6). Let g(y) = 3*y**2 + y - 2. Let h be g(z). Is (-4)/h - 3748/(-44) prime?
False
Let w(p) = 346*p**2 - 3*p + 2. Is w(5) a prime number?
False
Let s(y) = y**2 + y + 1. Let t(o) = o**2 - 552. Let n(r) = -s(r) - t(r). Is n(0) composite?
True
Let s(c) = -c - 3. Let x be s(-1). Let y = x + 7. Suppose -532 = -y*t + 43. Is t a prime number?
False
Let g = -6156 + 13097. Is g a prime number?
False
Suppose 853*p = 854*p - 5879. Is p prime?
True
Let b = 35 - 52. Let v(z) = z**2 + 10*z. Is v(b) composite?
True
Let q(y) = 26*y - 7. Let s be q(1). Let g(f) = 99*f - 16. Is g(s) a composite number?
True
Let f(k) = -2*k**3 - 27*k**2 + 8*k + 5. Suppose 15*b + 123 = -117. Is f(b) a composite number?
True
Let l be ((-5)/(-3))/(10/30). Suppose 4*y - 3*s = 2231, y + 0*y - l*s = 562. Is y prime?
True
Suppose 5*c + 13 = 3*w, -2*w = 4*c + 7 - 1. Suppose -q - w = -3. Suppose q*t + 14 = 3*t. Is t a composite number?
True
Let o(z) = -254*z + 75. Is o(-2) a composite number?
True
Let p be 13 + -13 - 1/(-1). Let s be (1/p)/(5/(-1045)). Let q = -18 - s. Is q composite?
False
Suppose 0 = -2*l - q + 7, l - 3*q + 2*q = -4. Suppose r + l = 0, 5*s - 2*r - 1338 = r. Is s composite?
True
Suppose -392*v - 10785 = -407*v. Is v prime?
True
Let k be 2 - (3 + -7 + 6 + -2). Suppose -397 = k*t - 3*t. Is t a composite number?
False
Suppose 3*k + r - 85283 = 0, 10*r = 5*r - 20. Is k composite?
False
Let x = 12 - -5. Let g(c) = -296*c + 2. Let k be g(-5). Let j = k - x. Is j a composite number?
True
Suppose -3*i - 3*s = -1074 + 327, 2*i - 505 = 5*s. Let o = -111 + i. Is o composite?
False
Suppose b + 20 = 6*b, -2*i + 3*b = -3958. Suppose 0 = -5*r - 220 + i. Is r a prime number?
True
Let x(n) = 28*n - 2. Let g be x(2). Let v = 31 + g. Is v composite?
True
Suppose 248*g = 265*g - 1335673. Is g a prime number?
True
Let a = -3941 + 6655. Suppose -3*u + a = 5*x, -x - 2167 = -5*x - u. Is x a composite number?
False
Let q = 496 + 177. Is q prime?
True
Let b = 46 - 44. Suppose -f = b*z - 5*z + 710, -2*z - f = -465. Is z a composite number?
True
Let c be (-8)/(-12)*6*2. Let z be c/4*4 - 0. Suppose -4*o - 2*b = -632, 3*b = -b + z. Is o a prime number?
True
Is ((-114331)/(-35))/((-3)/(-15)) a composite number?
False
Suppose 2*c = -0*c - 4*f + 20, -2*c = 3*f - 16. Let u(n) = 122*n - 2. Let t be u(1). Suppose -z + 5*m = -t, -3*m = -5*z + c*m + 700. Is z composite?
True
Let h be 68/(0 - -2) - -1. Suppose -2*m + 14315 = a, 4*a - 57305 = 2*m - m. Is a/h + (-6)/21 a prime number?
True
Let r = 4334 + -3069. Let d = r - 414. Is d composite?
True
Suppose 2*l + 9858 = 2*z, 0 = z - 3*l - 703 - 4230. Is z composite?
True
Let n be (-322)/4*1416/(-413). Let a(m) = 18*m - 1. Let l be a(-3). Let j = n + l. Is j composite?
True
Let n(b) = -b - 8. Let v be n(-19). Suppose 6694 + 489 = v*p. Is p prime?
True
Let t be (4/(-8) - 0)*-178. Suppose -w + 1 - 7 = 0. Let u = w + t. Is u p